termine c(13).
-20
Let a(b) = b**2 + 2*b + 1. Determine a(-2).
1
Let y(v) = 6*v - 3. Calculate y(9).
51
Let i(l) = -2*l**3 - 3*l - 3. What is i(-2)?
19
Let u(r) = -r**2 - 15*r - 5. Give u(-14).
9
Let r(u) = -u**3 - 4*u**2 - 2*u - 2. Give r(-4).
6
Let f(g) = -g - 1. Give f(5).
-6
Let n(s) = 3*s**3 + 3*s - 2. Give n(1).
4
Let m(z) = z**2 - 12*z + 12. What is m(10)?
-8
Let i(u) = -141*u + 1133. Give i(8).
5
Let o(j) = j**3 - 7*j**2 + j - 2. Calculate o(4).
-46
Let b(x) = -12*x + 5. What is b(2)?
-19
Let x(p) = -p**2 - 3. Calculate x(5).
-28
Let s(i) = i**3 + 6*i**2 + 7*i. Give s(-5).
-10
Let h(q) = -6*q**3 - q**2 + q + 1. Give h(-1).
5
Let x(y) = -y**2 - 21*y - 36. What is x(-19)?
2
Let a(g) = -2*g**2 - 13*g - 33. What is a(-4)?
-13
Let w(o) = -o**3 + 6*o**2 - o + 1. Determine w(6).
-5
Let z(q) = -122*q - 364. What is z(-3)?
2
Let r(k) = k**3 - 3*k**2 + 4*k + 3. What is r(4)?
35
Let p(d) = -d**3 - 19*d**2 - 20*d - 37. Calculate p(-18).
-1
Let i(w) = -w**3 + 23*w**2 + 24*w - 5. Give i(24).
-5
Let q(t) = 8*t**3 - 5*t**2 + t. Determine q(2).
46
Let a(m) = m**3 + 10*m**2 - 10*m - 7. Calculate a(-11).
-18
Let r(g) = -3*g**2 + 12*g - 36. What is r(7)?
-99
Let k(z) = 7*z + 76. What is k(-10)?
6
Let v(d) = d**2 - 17*d + 18. Determine v(16).
2
Let j(d) = -d**3 + 18*d**2 - 19*d + 34. Determine j(17).
0
Let g(n) = -n**3 - 9*n**2 + 3*n - 3. Determine g(-9).
-30
Let n(u) = u**2 + 4*u - 15. Give n(-5).
-10
Let p(h) = -2*h**3 - 12*h**2 - 6*h + 1. Determine p(-5).
-19
Let s(f) = -f - 13. What is s(-14)?
1
Let j(d) = d**3 + 6*d**2 + d + 1. Give j(-7).
-55
Let x(h) = 2*h + 55. Calculate x(13).
81
Let k(d) = d**3 + d**2 - d - 35. Give k(0).
-35
Let j(y) = 4*y + 8. Calculate j(-2).
0
Let z(b) = -15*b - 107. Determine z(-7).
-2
Let a(j) = 10*j**2 - 2*j - 3. What is a(-1)?
9
Let w(q) = -q**3 + 5*q**2 + 11*q + 24. Give w(7).
3
Let i(m) = 6*m - 5. Calculate i(1).
1
Let l(q) = q - 12. What is l(5)?
-7
Let a(o) = o**3 - 6*o**2 + 5*o - 3. What is a(5)?
-3
Let a(m) = 2*m**3 + 4*m**2 + m - 2. Determine a(-2).
-4
Let f(y) = -y**2 + 7*y + 3. Determine f(8).
-5
Let o(q) = -q**3 - 5*q**2 - 4*q + 2. What is o(-4)?
2
Let y(r) = -2*r**2 - 18*r + 1. What is y(-8)?
17
Let a(n) = -n**2 - 7*n + 4. Calculate a(-8).
-4
Let j(c) = c**2 + 5*c - 7. Calculate j(-5).
-7
Let f(j) = -67*j - 2. Calculate f(1).
-69
Let d(t) = -t**2 - 31*t - 3. Calculate d(-31).
-3
Let i(s) = s**3 + 9*s**2 - 3*s - 9. Calculate i(-9).
18
Let x(m) = m**3 + 13*m**2 + 12*m + 4. What is x(-12)?
4
Let j(i) = -7*i + 14. What is j(-5)?
49
Let c(l) = l**3 + 17*l**2 + 62*l + 8. What is c(-5)?
-2
Let s(m) = -m - 1. Give s(5).
-6
Let a(o) = o**3 + 8*o**2 - 9*o + 7. Calculate a(-9).
7
Let q(j) = 3*j + 20. Give q(-4).
8
Let t(j) = -12*j - 7. Calculate t(-4).
41
Let m(i) = 2*i + 77. What is m(-39)?
-1
Let z(m) = m**2 + 12*m - 16. What is z(-14)?
12
Let g(s) = -12*s + 1. Calculate g(-1).
13
Let j(l) = -2*l**2 + 19*l + 37. Give j(11).
4
Let i(k) = 15*k + 3. What is i(1)?
18
Let a(g) = -2*g**2 - 3*g + 3. What is a(2)?
-11
Let n(w) = 51*w + 40. What is n(-1)?
-11
Let q(h) = h + 12. Determine q(0).
12
Let g(c) = c**2 - 5*c - 51. Determine g(10).
-1
Let x(b) = -2*b**3 - 5*b**2 - 4*b - 8. Determine x(-5).
137
Let c(u) = -u**2 - u + 14. What is c(6)?
-28
Let i(z) = 7*z - 35. What is i(2)?
-21
Let m(d) = -d**2 + 8*d + 61. Give m(-5).
-4
Let v(h) = -h**2 + 11*h + 5. Determine v(11).
5
Let s(i) = -24*i + 1. Determine s(-1).
25
Let n(c) = 6*c**2 + c + 17. Determine n(-4).
109
Let n(c) = c**3 - 7*c**2 + 12*c - 32. Calculate n(5).
-22
Let r(x) = x**2 + 33*x - 72. Calculate r(2).
-2
Let n(a) = 2*a - 18. Determine n(-11).
-40
Let t(c) = c**3 + 13*c**2 + c + 12. Determine t(-13).
-1
Let h(c) = -c**3 + 5*c**2 + 3*c + 8. What is h(5)?
23
Let d(p) = p**2 + 8*p - 8. Give d(-11).
25
Let b(h) = -h**3 - 19*h**2 - 32*h + 29. Determine b(-17).
-5
Let w(u) = -7*u - 62. Determine w(-14).
36
Let m(i) = 11*i + 18. Calculate m(-15).
-147
Let i(u) = u**2 + 6*u. Determine i(-6).
0
Let i(o) = -o**3 + 10*o**2 - 10*o + 11. What is i(9)?
2
Let f(c) = -7*c + 15. What is f(2)?
1
Let a(y) = y**3 - 9*y**2 - 21*y - 7. Determine a(-2).
-9
Let g(j) = j**3 - 9*j**2 - 8*j - 14. Determine g(10).
6
Let u(j) = 2*j**3 - 12*j + 4. Determine u(-4).
-76
Let n(o) = -o**3 - 2*o**2 - 193. What is n(0)?
-193
Let j(c) = c**3 + 4*c**2 - c + 1. Give j(-3).
13
Let y(v) = 7*v - 4. Determine y(4).
24
Let v(b) = 2*b + 16. Calculate v(8).
32
Let t(i) = 7*i + 252. Determine t(-33).
21
Let k(b) = 5*b - 6. Calculate k(-1).
-11
Let y(z) = z**3 - 3*z**2 - 6*z + 7. What is y(3)?
-11
Let b(z) = -z**3 - 9*z**2 + 12*z + 15. What is b(-10)?
-5
Let o(a) = 3*a + 10. Give o(26).
88
Let c(i) = -i**2 - 6*i + 63. What is c(-12)?
-9
Let t(d) = d**3 + 6*d**2 + d - 6. Calculate t(-6).
-12
Let b(c) = -2*c**2 - 28*c - 9. Determine b(-13).
17
Let r(f) = -f**3 + 3*f**2 + 4*f - 7. Give r(-3).
35
Let x(i) = i + 3. Determine x(6).
9
Let c(d) = -d**3 - 4*d**2 - 5*d - 1. Calculate c(-4).
19
Let m(g) = g**3 + 18*g**2 + 17*g + 19. Calculate m(-17).
19
Let k(t) = -14*t - 72. What is k(-5)?
-2
Let j(x) = -x**2 + 8*x - 6. Give j(7).
1
Let i(p) = -17*p + 62. Calculate i(10).
-108
Let z(q) = 2*q**3 + 12*q**2 + 11*q - 3. Give z(-4).
17
Let m(y) = 4*y - 83. Give m(20).
-3
Let t(y) = 213*y - 2771. What is t(13)?
-2
Let i(h) = 4*h**2 - 35*h - 5. Determine i(9).
4
Let t(n) = -47*n + 13. Calculate t(2).
-81
Let y(t) = t**3 + 2*t**2 + 3*t - 2. What is y(0)?
-2
Let a(p) = -p**3 - 4*p**2 + 5*p + 17. Calculate a(-3).
-7
Let h(a) = 2*a**2 - 5*a - 12. Calculate h(7).
51
Let d(h) = -h**3 - 25*h**2 + 4*h + 76. Calculate d(-25).
-24
Let i(p) = -p**2 - 27*p - 28. Give i(-27).
-28
Let f(d) = -d**3 - 11*d**2 - 8*d + 2. What is f(-10)?
-18
Let w(k) = k**2 + 44*k - 41. Determine w(-45).
4
Let u(o) = -4*o + 124. Give u(30).
4
Let g(b) = 10*b - 6. Determine g(4).
34
Let s(f) = f**3 + 5*f**2 + 7*f. What is s(-2)?
-2
Let l(d) = -2*d**2 + 31*d + 112. Calculate l(19).
-21
Let a(b) = b**3 + 2*b**2 - 4*b. Give a(-3).
3
Let v(o) = o - 5. Calculate v(4).
-1
Let j(f) = -3*f**2 + 11*f + 6. Determine j(5).
-14
Let r(h) = -h**2 - 11*h - 12. Calculate r(-6).
18
Let z(k) = -k**3 - 9*k**2 - 2*k - 1. Calculate z(-9).
17
Let k(h) = 21*h - 3. Determine k(2).
39
Let v(n) = -n**2 - 7*n + 7. Determine v(-7).
7
Let m(q) = 25*q + 38. Determine m(-8).
-162
Let g(q) = -q + 12. What is g(-10)?
22
Let j(b) = -b**3 + 17*b - 5. Give j(4).
-1
Let o(w) = w**3 - 22*w**2 + 22*w - 4. What is o(21)?
17
Let u(y) = -y**3 + 17*y**2 + 2*y - 31. Determine u(17).
3
Let u(r) = r**3 - 2*r**2 - 5*r + 8. Determine u(4).
20
Let l(j) = 2*j + 24. Calculate l(-11).
2
Let z(u) = 89*u**2 - 2*u - 2. Determine z(-1).
89
Let z(d) = -d**3 + 9*d**2 - 6*d + 3. Determine z(8).
19
Let o(l) = 2*l - 4. Calculate o(8).
12
Let w(s) = 5*s - 11. Determine w(-2).
-21
Let p(t) = -t**2 - 3*t + 7. Calculate p(3).
-11
Let v(q) = q**2 - 14*q - 4. Calculate v(13).
-17
Let m(p) = p**3 + 10*p**2 - 11*p - 26. Determine m(-11).
-26
Let y(v) = -16*v - 15. Determine y(-4).
49
Let t(k) = 26*k**2 + 7*k - 7. Give t(2).
111
Let x(g) = g - 8. Determine x(-5).
-13
Let x(f) = 23*f**2 + 2*f - 2. What is x(1)?
23
Let j(t) = 2*t**2 - 9*t - 35. Give j(-3).
10
Let c(s) = 28*s**2 + 3*s + 6. What is c(-2)?
112
Let d(f) = -f**3 + 8*f**2 + 9*f - 2. What is d(9)?
-2
Let c(o) = 5*o + 21. Determine c(3).
36
Let t(g) = 6*g**3 + 2*g**2 + g - 2. Give t(1).
7
Let t(v) = -v + 9. What is t(1)?
8
Let p(r) = r**2 - 14*r + 24. What is p(13)?
11
Let j(l) = l**3 - 9*l**2 + 20*l - 15. What is j(6)?
-3
Let k(p) = -3*p - 7. Calculate k(2).
-13
Let a(i) = -i**2 + 16*i - 30. Give a(10).
30
Let a(u) = u**3 - 2*u**2 - 3*u + 1. Give a(3).
1
Let c(p) = -4*p**2 + p - 1. Determine c(-3).
-40
Let d(y) = y**3 - 4*y**2 - 4*y + 5. Calculate d(5).
10
Let m(f) = -f**3 + 10*f**2 + 17*f - 11. Determine m(11).
55
Let p(w) = -8*w + 12. Determine p(3).
-12
Let g(v) = -v - 9. Determine g(-14).
5
Let j(h) = -4*h**2 - 53*h - 10. What is j(-13)?
3
Let h(t) = -12*t + 1. Give h(-8).
97
Let c(n) = 3*n + 3. What is c(-3)?
-6
Let q(l) = l**3 + 7*l**2 + 7*l + 5. Give q(-7).
-44
Let r(c) = -4*c**2 - c + 1. Calculate r(-2).
-13
Let f(k) = k**2 + 3*k - 3. Determine f(-3).
-3
Let m(a) = -a**3 - 31*a**2 - 33*a - 53. Calculate m(-30).
37
Let d(j) = 12*j**3 + 4*j**2 - 4*j - 1. Determine 